30?
10
Suppose -3 - 5 = -4*h. Let x(c) = 6*c**2 - 2*c. Let p be x(h). Calculate the greatest common factor of p and 5.
5
Let o = 240 - 82. Let s be (-3)/9 - o/(-6). What is the highest common factor of s and 39?
13
Suppose 91 = 5*z - 3*z - 5*t, -5*t = z - 8. Let u(f) = f + 9. Let g be u(-7). Let x be (0 - (1 - g))*11. Calculate the highest common divisor of z and x.
11
Let m be 2*(-3)/6 + 6. What is the greatest common factor of m and 55?
5
Suppose 183 - 507 = -6*o. What is the highest common factor of 27 and o?
27
Suppose 2*g - 27 = 133. Suppose -54 = -2*p - 4*t, 6*p = 2*p - t + g. Calculate the highest common divisor of 19 and p.
19
Let a = 10 - 7. Suppose 9 = 3*t - a*x, 5*x + 33 = 2*t + 12. Let m be (t/(-6))/(4/24). What is the greatest common divisor of m and 1?
1
Suppose -6*o = -4*o - 2. Let u be o/(-2)*-13*32. What is the greatest common factor of 26 and u?
26
Suppose -b = -83 - 5. Suppose 9*i + 48 = 5*i. Let x(o) = -o**3 - 12*o**2 - o - 1. Let r be x(i). What is the highest common factor of r and b?
11
Suppose x + 4*x + 50 = 3*o, 2*o = 2*x + 28. Suppose 0*w + 15 = -3*w, -5*d + 4*w = -570. What is the greatest common factor of o and d?
10
Let p(y) be the second derivative of 3*y**5/4 - y. Let c be p(1). Let o = 24 - 9. Calculate the highest common divisor of c and o.
15
Let v be (-14)/(((-8)/44)/(8/2)). What is the greatest common factor of 14 and v?
14
Let l = 115 - -39. Let j(b) = b + 6. Let m be j(8). What is the greatest common factor of l and m?
14
Let m = -44 + 62. Calculate the highest common factor of m and 198.
18
Let k = -14 + 18. Calculate the greatest common divisor of k and 28.
4
Let j(l) = 4*l**2 + 10. Let v be j(5). Calculate the highest common divisor of 11 and v.
11
Let y(m) be the third derivative of -1/12*m**4 + 19/60*m**5 - 2*m**2 + 0 + 0*m + 0*m**3. Let z be y(2). Calculate the highest common factor of 9 and z.
9
Let u(j) be the first derivative of -j**3/3 - 3*j**2 + 4*j - 3. Let c be u(-5). What is the greatest common factor of c and 72?
9
Let x(k) = 2*k**2 - 28. Let l be x(5). Suppose 8*y - 6 = 3*y + s, 4*y - 2*s = 0. What is the greatest common divisor of y and l?
2
Let t(s) = 3*s**2 + 7*s + 5. Let j be t(-4). Let l = j - 15. Calculate the greatest common divisor of l and 5.
5
Let f(t) = 3*t**3 - 6*t**2 - 4*t - 3. Let k be f(4). Let y be 3*2 - (0 + -1). What is the highest common divisor of k and y?
7
Let v = -11 - -15. Suppose 0 = -q + v*u + 6, 3*u - 35 = -2*q + 10. Calculate the highest common factor of 36 and q.
18
Let z(f) = f**3 + 7*f**2 - f - 5. Let i be z(-6). Let b = i - 7. Let q be b/10 + (1 - 0). Calculate the greatest common factor of q and 28.
4
Suppose 280 = 2*l + 38. Let f = -12 - -23. What is the greatest common factor of f and l?
11
Let t(k) = k**3 + k + 4. Let b be t(0). What is the greatest common divisor of 4 and b?
4
Let k be 8*3 + (-3)/(-3). Let z = 35 - k. Let q = 18 + 7. Calculate the greatest common divisor of q and z.
5
Let r be 1/(13/(-7) + 2). Suppose 0 = -o + r - 3. Calculate the greatest common factor of o and 2.
2
Let m be (18/(-15))/((-2)/10). What is the greatest common divisor of m and 12?
6
Suppose 6*q - 3*q = 15. Suppose 2 = v - 6*d + 2*d, -v - 4*d = -18. Let p = v - q. Calculate the highest common divisor of 15 and p.
5
Let r = 51 + -83. Let p = r - -50. What is the greatest common divisor of 6 and p?
6
Suppose -2*y = -0*y - 2. Let d = 3 - y. Let f = 0 + d. What is the greatest common factor of 5 and f?
1
Let q be ((-25)/15 - -2)*57. What is the greatest common factor of 76 and q?
19
Let k = 116 - 82. What is the highest common factor of 85 and k?
17
Let v(q) = q + 2. Let x be v(-3). Let d be x + (-2 - -45 - 1). Let j be (3 - 1) + d + 1. Calculate the highest common divisor of 11 and j.
11
Let u(o) = o**2 + o - 35. Let l be u(0). Suppose -4*b = -4*j - 64, 0 = 3*j - 7*j - 2*b - 94. Let c = j - l. Calculate the highest common factor of c and 14.
14
Suppose 3*t + 4*c - 19 = 0, 0*t + 22 = 4*t + 2*c. Suppose -t*k = -4*a + 23, -12 + 1 = 3*k - a. Let w = k + 9. What is the highest common divisor of w and 12?
6
Let g be 84/(-8) - 1/2. Let c(y) = -12*y. Let m be c(2). Let u = g - m. What is the greatest common divisor of u and 143?
13
Let x be 4/(-32)*-4*8. Calculate the greatest common divisor of x and 2.
2
Let f(q) = q**2 - 3*q - 2. Let j be f(5). Let k be (32/(-10))/((-2)/40). What is the highest common divisor of j and k?
8
Let h(d) = -7*d**2 + d**3 + 4*d + 5*d - 3*d - 3 + 8. Let x be h(6). Calculate the highest common divisor of 55 and x.
5
Let k(m) = -m**3 - 8*m**2 - 10*m. Let f be k(-8). Suppose -f = -c - 3*c. What is the highest common divisor of c and 4?
4
Suppose -8 = 2*h, 4*h - 21 = -4*g + 111. What is the highest common divisor of 74 and g?
37
Suppose -5*y + 843 = 123. Let k be 1*(-48)/((-6)/2). What is the highest common divisor of k and y?
16
Suppose 0 = 3*x + 2*x - 20. Suppose 3*s - 2*s + x = 0. Let i = 12 + s. Calculate the highest common divisor of i and 8.
8
Let q be 1/(9/633) + (-1)/3. What is the highest common divisor of q and 175?
35
Suppose -7 = -n - 2*c, -7 = -n - 3*n - c. Calculate the greatest common factor of 14 and n.
1
Let h(a) = -3*a**3 - 3*a - 5. Let l(d) = -8*d**3 - 8*d - 15. Let k(b) = 11*h(b) - 4*l(b). Let y be k(0). What is the highest common divisor of y and 55?
5
Suppose 2*h + 2*i - 34 = 36, 3*i = -6. Let z = -25 + h. Suppose -5*s + 217 = -83. What is the highest common divisor of z and s?
12
Let u = 26 - 19. Calculate the greatest common factor of 35 and u.
7
Let u(d) = -4*d + 2. Let f = -16 + 9. Let i be u(f). What is the greatest common divisor of 10 and i?
10
Let b be 1*(2 + (4 - 2)). Let k be (50/b)/(1/2). What is the greatest common factor of k and 10?
5
Let b be -1*34 + (-7 - -11). Let l be ((-90)/(-4))/(b/(-40)). Suppose 0*x = 5*x - 50. Calculate the greatest common divisor of l and x.
10
Let r(d) = -d**2 + 5*d - 7. Let n be r(5). Let o be (n/4)/(1/(-12)). Suppose -4*x = -133 - 35. Calculate the greatest common divisor of x and o.
21
Let n be 125/(6*(-3)/(-6) + -2). What is the highest common factor of 50 and n?
25
Let h be (8*7)/4*1. Suppose 38 = z + h. What is the highest common factor of z and 16?
8
Let q be -4 - 3*(2 - 4). Suppose 192 = -0*c + q*c. What is the highest common divisor of 24 and c?
24
Let j(b) = -b**3 - 25*b**2 + b + 49. Let a be j(-25). What is the highest common divisor of 192 and a?
24
Suppose 0 = 4*x - x - 189. Let p = -31 + x. What is the highest common factor of p and 48?
16
Suppose 0 = -g - 1, -4*i + 5*g + 1663 - 498 = 0. What is the greatest common factor of i and 116?
58
Let s = 11 - 8. Suppose 3*l - 1 = 2. Let i = 2 + l. Calculate the highest common factor of s and i.
3
Let k(j) = j**2 + 5*j - 6. Let r be k(-6). Suppose -n + 2*y - 2 = 8, 2*n - 5*y + 25 = r. Suppose -i + n = -6. Calculate the greatest common divisor of i and 48.
6
Suppose -3*c = -7*c - 4*x + 24, 0 = 4*c + 2*x - 32. Let y = 110 - 70. Calculate the highest common factor of y and c.
10
Let b be 0 + (22 + 0 - 1). Let y = -11 + 15. Suppose -q - 4*f + b = -f, y*q + 4*f = 108. Calculate the greatest common factor of 12 and q.
6
Let a(c) = -2*c**2 + 3*c + 7. Let v be a(5). Let t be 0 + 2 + v/(-1). Calculate the greatest common divisor of t and 20.
10
Suppose -3*j + p = -265, 9 + 341 = 4*j - 2*p. What is the greatest common factor of j and 18?
18
Let a be (1383/12 + 3)/(1/4). Calculate the greatest common divisor of 43 and a.
43
Suppose 2*s = 0, 4*o + 0*s - 5*s = 36. Let f be -1 + (-12)/(o/3). Let c(p) = -6*p + 3. Let z be c(f). What is the greatest common divisor of 11 and z?
11
Suppose -1835 = -12*d + 1753. Calculate the highest common factor of d and 23.
23
Let q be 2/(-4)*(0 - 0). Suppose q*f - 72 = -f. Let r(b) = -b**3 + 5*b**2 + 3*b - 6. Let s be r(5). What is the greatest common divisor of s and f?
9
Let n = -356 + 208. Let f be 12/(-18) + n/(-6). Calculate the highest common factor of 192 and f.
24
Suppose -t - 3*t - 4*x - 16 = 0, 4*t + 4 = 2*x. Let j = 2 - 1. Let u be t/j*(-33)/2. What is the greatest common factor of 11 and u?
11
Let v(o) = -o**2 + 3*o - 3. Let a be v(2). Let j be 16 - a - (-4 + 5). What is the greatest common factor of 16 and j?
16
Let g(z) = -64*z - 3. Let t be g(-4). What is the highest common divisor of 23 and t?
23
Let v(w